{"id":90608,"date":"2026-01-13T14:39:32","date_gmt":"2026-01-13T13:39:32","guid":{"rendered":"https:\/\/specialcontainer.dk\/\/produkt\/6-standard-ny\/"},"modified":"2026-01-13T14:39:33","modified_gmt":"2026-01-13T13:39:33","slug":"6-standard-nye","status":"publish","type":"product","link":"https:\/\/specialcontainer.dk\/nb\/produkt\/6-standard-nye\/","title":{"rendered":"6&#8242; standard, ny"},"content":{"rendered":"<p>6&prime; container som kan bruges til lager opbevaring. P&aring; ett bilde er der et eksempel p&aring; hvordan containeren kan utstyres med isolasjon og hyller. V&aelig;r oppmerksom p&aring; at dette ikke er inkludert i prisen, men er noe som kan gj&oslash;res mot en mer pris, og som gir et veldig godt innblikk i hvordan containeren kan innrettes.<\/p>\n","protected":false},"excerpt":{"rendered":"<ul>\n<li data-end=\"675\" data-start=\"609\">\n<p data-end=\"675\" data-start=\"611\">6&#8242; container, ideell for t&oslash;rr lagring, er for &oslash;yeblikket utsolgt<\/p>\n<\/li>\n<li data-end=\"751\" data-start=\"676\">\n<p data-end=\"751\" data-start=\"678\">Isolasjon og hyller kan legges til mot ekstra kostnad, som vist p&aring; bildet<\/p>\n<\/li>\n<li data-end=\"838\" data-is-last-node=\"\" data-start=\"752\">\n<p data-end=\"838\" data-is-last-node=\"\" data-start=\"754\">Prisen inkluderer ikke isolasjon eller hyller, men kan arrangeres mot ekstra kostnad<\/p>\n<\/li>\n<\/ul>\n","protected":false},"featured_media":91565,"template":"","meta":[],"product_brand":[],"product_cat":[6538],"product_tag":[],"class_list":{"0":"post-90608","1":"product","2":"type-product","3":"status-publish","4":"has-post-thumbnail","6":"product_cat-containere-nb","7":"pa_access1-normal-adgang","8":"pa_bruttovaegt-570-kg","9":"pa_egenvaegt-n-fwsl-a","10":"pa_farve-blaa-ral-5013","11":"pa_indre_kapacitet-n-fwsl-a","12":"pa_indvendige_maal-l-1800-mm-b-1860-mm-h-ca-pkt-1700-mm","13":"pa_lock_box-uten-laaseboks","14":"pa_maks__last-n-fwsl-a","15":"pa_placeringsnavn-aalborg","16":"pa_shp_slug-6-standard-cma-nye","17":"pa_udvendige_maal-l-1980-mm-b-1950-mm-h-1929-mm","18":"description-off","20":"first","21":"outofstock","22":"taxable","23":"shipping-taxable","24":"product-type-variable"},"yoast_head":"<!-- This site is optimized with the Yoast SEO plugin v26.0 - https:\/\/yoast.com\/wordpress\/plugins\/seo\/ -->\n<title>6&#039; standard, ny - SpecialContainer.dk<\/title>\n<meta name=\"description\" content=\"6\u2032 container til t\u00f8rr lagring. Isolasjon og hyller p\u00e5 bildene er ikke inkludert, men kan bestilles mot ekstra kostnad. Ikke p\u00e5 lager n\u00e5.\" \/>\n<meta name=\"robots\" content=\"index, follow, max-snippet:-1, max-image-preview:large, max-video-preview:-1\" \/>\n<link rel=\"canonical\" href=\"https:\/\/specialcontainer.dk\/produkt\/6-standard-nye\/\" \/>\n<meta property=\"og:locale\" content=\"nb_NO\" \/>\n<meta property=\"og:type\" content=\"article\" \/>\n<meta property=\"og:title\" content=\"6&#039; standard, ny - SpecialContainer.dk\" \/>\n<meta property=\"og:description\" content=\"6\u2032 container til t\u00f8rr lagring. Isolasjon og hyller p\u00e5 bildene er ikke inkludert, men kan bestilles mot ekstra kostnad. Ikke p\u00e5 lager n\u00e5.\" \/>\n<meta property=\"og:url\" content=\"https:\/\/specialcontainer.dk\/produkt\/6-standard-nye\/\" \/>\n<meta property=\"og:site_name\" content=\"SpecialContainer.dk\" \/>\n<meta property=\"article:modified_time\" content=\"2026-01-13T13:39:33+00:00\" \/>\n<meta property=\"og:image\" content=\"https:\/\/specialcontainer.dk\/wp-content\/uploads\/2021\/09\/1001_01_A_STC06063-5013-1-1-pcs-small.jpg\" \/>\n\t<meta property=\"og:image:width\" content=\"1024\" \/>\n\t<meta property=\"og:image:height\" content=\"768\" \/>\n\t<meta property=\"og:image:type\" content=\"image\/jpeg\" \/>\n<meta name=\"twitter:card\" content=\"summary_large_image\" \/>\n<script type=\"application\/ld+json\" class=\"yoast-schema-graph\">{\"@context\":\"https:\/\/schema.org\",\"@graph\":[{\"@type\":\"WebPage\",\"@id\":\"https:\/\/specialcontainer.dk\/produkt\/6-standard-nye\/\",\"url\":\"https:\/\/specialcontainer.dk\/produkt\/6-standard-nye\/\",\"name\":\"6' standard, ny - SpecialContainer.dk\",\"isPartOf\":{\"@id\":\"https:\/\/specialcontainer.dk\/#website\"},\"primaryImageOfPage\":{\"@id\":\"https:\/\/specialcontainer.dk\/produkt\/6-standard-nye\/#primaryimage\"},\"image\":{\"@id\":\"https:\/\/specialcontainer.dk\/produkt\/6-standard-nye\/#primaryimage\"},\"thumbnailUrl\":\"https:\/\/specialcontainer.dk\/wp-content\/uploads\/2021\/09\/1001_01_A_STC06063-5013-1-1-pcs-small.jpg\",\"datePublished\":\"2026-01-13T13:39:32+00:00\",\"dateModified\":\"2026-01-13T13:39:33+00:00\",\"description\":\"6\u2032 container til t\u00f8rr lagring. Isolasjon og hyller p\u00e5 bildene er ikke inkludert, men kan bestilles mot ekstra kostnad. Ikke p\u00e5 lager n\u00e5.\",\"breadcrumb\":{\"@id\":\"https:\/\/specialcontainer.dk\/produkt\/6-standard-nye\/#breadcrumb\"},\"inLanguage\":\"nb-NO\",\"potentialAction\":[{\"@type\":\"ReadAction\",\"target\":[\"https:\/\/specialcontainer.dk\/produkt\/6-standard-nye\/\"]}]},{\"@type\":\"ImageObject\",\"inLanguage\":\"nb-NO\",\"@id\":\"https:\/\/specialcontainer.dk\/produkt\/6-standard-nye\/#primaryimage\",\"url\":\"https:\/\/specialcontainer.dk\/wp-content\/uploads\/2021\/09\/1001_01_A_STC06063-5013-1-1-pcs-small.jpg\",\"contentUrl\":\"https:\/\/specialcontainer.dk\/wp-content\/uploads\/2021\/09\/1001_01_A_STC06063-5013-1-1-pcs-small.jpg\",\"width\":1024,\"height\":768},{\"@type\":\"BreadcrumbList\",\"@id\":\"https:\/\/specialcontainer.dk\/produkt\/6-standard-nye\/#breadcrumb\",\"itemListElement\":[{\"@type\":\"ListItem\",\"position\":1,\"name\":\"Hjem\",\"item\":\"https:\/\/specialcontainer.dk\/nb\/\"},{\"@type\":\"ListItem\",\"position\":2,\"name\":\"Shop\",\"item\":\"https:\/\/specialcontainer.dk\/nb\/shop\/\"},{\"@type\":\"ListItem\",\"position\":3,\"name\":\"6&#8242; standard, ny\"}]},{\"@type\":\"WebSite\",\"@id\":\"https:\/\/specialcontainer.dk\/#website\",\"url\":\"https:\/\/specialcontainer.dk\/\",\"name\":\"SpecialContainer.dk\",\"description\":\"\",\"publisher\":{\"@id\":\"https:\/\/specialcontainer.dk\/#organization\"},\"potentialAction\":[{\"@type\":\"SearchAction\",\"target\":{\"@type\":\"EntryPoint\",\"urlTemplate\":\"https:\/\/specialcontainer.dk\/?s={search_term_string}\"},\"query-input\":{\"@type\":\"PropertyValueSpecification\",\"valueRequired\":true,\"valueName\":\"search_term_string\"}}],\"inLanguage\":\"nb-NO\"},{\"@type\":\"Organization\",\"@id\":\"https:\/\/specialcontainer.dk\/#organization\",\"name\":\"Specialcontainer\",\"url\":\"https:\/\/specialcontainer.dk\/\",\"logo\":{\"@type\":\"ImageObject\",\"inLanguage\":\"nb-NO\",\"@id\":\"https:\/\/specialcontainer.dk\/#\/schema\/logo\/image\/\",\"url\":\"https:\/\/specialcontainer.dk\/wp-content\/uploads\/2019\/10\/logo-2019-307-x-72-jpg.jpg\",\"contentUrl\":\"https:\/\/specialcontainer.dk\/wp-content\/uploads\/2019\/10\/logo-2019-307-x-72-jpg.jpg\",\"width\":307,\"height\":72,\"caption\":\"Specialcontainer\"},\"image\":{\"@id\":\"https:\/\/specialcontainer.dk\/#\/schema\/logo\/image\/\"}}]}<\/script>\n<!-- \/ Yoast SEO plugin. -->","yoast_head_json":{"title":"6' standard, ny - SpecialContainer.dk","description":"6\u2032 container til t\u00f8rr lagring. Isolasjon og hyller p\u00e5 bildene er ikke inkludert, men kan bestilles mot ekstra kostnad. Ikke p\u00e5 lager n\u00e5.","robots":{"index":"index","follow":"follow","max-snippet":"max-snippet:-1","max-image-preview":"max-image-preview:large","max-video-preview":"max-video-preview:-1"},"canonical":"https:\/\/specialcontainer.dk\/produkt\/6-standard-nye\/","og_locale":"nb_NO","og_type":"article","og_title":"6' standard, ny - SpecialContainer.dk","og_description":"6\u2032 container til t\u00f8rr lagring. Isolasjon og hyller p\u00e5 bildene er ikke inkludert, men kan bestilles mot ekstra kostnad. Ikke p\u00e5 lager n\u00e5.","og_url":"https:\/\/specialcontainer.dk\/produkt\/6-standard-nye\/","og_site_name":"SpecialContainer.dk","article_modified_time":"2026-01-13T13:39:33+00:00","og_image":[{"width":1024,"height":768,"url":"https:\/\/specialcontainer.dk\/wp-content\/uploads\/2021\/09\/1001_01_A_STC06063-5013-1-1-pcs-small.jpg","type":"image\/jpeg"}],"twitter_card":"summary_large_image","schema":{"@context":"https:\/\/schema.org","@graph":[{"@type":"WebPage","@id":"https:\/\/specialcontainer.dk\/produkt\/6-standard-nye\/","url":"https:\/\/specialcontainer.dk\/produkt\/6-standard-nye\/","name":"6' standard, ny - SpecialContainer.dk","isPartOf":{"@id":"https:\/\/specialcontainer.dk\/#website"},"primaryImageOfPage":{"@id":"https:\/\/specialcontainer.dk\/produkt\/6-standard-nye\/#primaryimage"},"image":{"@id":"https:\/\/specialcontainer.dk\/produkt\/6-standard-nye\/#primaryimage"},"thumbnailUrl":"https:\/\/specialcontainer.dk\/wp-content\/uploads\/2021\/09\/1001_01_A_STC06063-5013-1-1-pcs-small.jpg","datePublished":"2026-01-13T13:39:32+00:00","dateModified":"2026-01-13T13:39:33+00:00","description":"6\u2032 container til t\u00f8rr lagring. Isolasjon og hyller p\u00e5 bildene er ikke inkludert, men kan bestilles mot ekstra kostnad. Ikke p\u00e5 lager n\u00e5.","breadcrumb":{"@id":"https:\/\/specialcontainer.dk\/produkt\/6-standard-nye\/#breadcrumb"},"inLanguage":"nb-NO","potentialAction":[{"@type":"ReadAction","target":["https:\/\/specialcontainer.dk\/produkt\/6-standard-nye\/"]}]},{"@type":"ImageObject","inLanguage":"nb-NO","@id":"https:\/\/specialcontainer.dk\/produkt\/6-standard-nye\/#primaryimage","url":"https:\/\/specialcontainer.dk\/wp-content\/uploads\/2021\/09\/1001_01_A_STC06063-5013-1-1-pcs-small.jpg","contentUrl":"https:\/\/specialcontainer.dk\/wp-content\/uploads\/2021\/09\/1001_01_A_STC06063-5013-1-1-pcs-small.jpg","width":1024,"height":768},{"@type":"BreadcrumbList","@id":"https:\/\/specialcontainer.dk\/produkt\/6-standard-nye\/#breadcrumb","itemListElement":[{"@type":"ListItem","position":1,"name":"Hjem","item":"https:\/\/specialcontainer.dk\/nb\/"},{"@type":"ListItem","position":2,"name":"Shop","item":"https:\/\/specialcontainer.dk\/nb\/shop\/"},{"@type":"ListItem","position":3,"name":"6&#8242; standard, ny"}]},{"@type":"WebSite","@id":"https:\/\/specialcontainer.dk\/#website","url":"https:\/\/specialcontainer.dk\/","name":"SpecialContainer.dk","description":"","publisher":{"@id":"https:\/\/specialcontainer.dk\/#organization"},"potentialAction":[{"@type":"SearchAction","target":{"@type":"EntryPoint","urlTemplate":"https:\/\/specialcontainer.dk\/?s={search_term_string}"},"query-input":{"@type":"PropertyValueSpecification","valueRequired":true,"valueName":"search_term_string"}}],"inLanguage":"nb-NO"},{"@type":"Organization","@id":"https:\/\/specialcontainer.dk\/#organization","name":"Specialcontainer","url":"https:\/\/specialcontainer.dk\/","logo":{"@type":"ImageObject","inLanguage":"nb-NO","@id":"https:\/\/specialcontainer.dk\/#\/schema\/logo\/image\/","url":"https:\/\/specialcontainer.dk\/wp-content\/uploads\/2019\/10\/logo-2019-307-x-72-jpg.jpg","contentUrl":"https:\/\/specialcontainer.dk\/wp-content\/uploads\/2019\/10\/logo-2019-307-x-72-jpg.jpg","width":307,"height":72,"caption":"Specialcontainer"},"image":{"@id":"https:\/\/specialcontainer.dk\/#\/schema\/logo\/image\/"}}]}},"_links":{"self":[{"href":"https:\/\/specialcontainer.dk\/nb\/wp-json\/wp\/v2\/product\/90608","targetHints":{"allow":["GET"]}}],"collection":[{"href":"https:\/\/specialcontainer.dk\/nb\/wp-json\/wp\/v2\/product"}],"about":[{"href":"https:\/\/specialcontainer.dk\/nb\/wp-json\/wp\/v2\/types\/product"}],"wp:featuredmedia":[{"embeddable":true,"href":"https:\/\/specialcontainer.dk\/nb\/wp-json\/wp\/v2\/media\/91565"}],"wp:attachment":[{"href":"https:\/\/specialcontainer.dk\/nb\/wp-json\/wp\/v2\/media?parent=90608"}],"wp:term":[{"taxonomy":"product_brand","embeddable":true,"href":"https:\/\/specialcontainer.dk\/nb\/wp-json\/wp\/v2\/product_brand?post=90608"},{"taxonomy":"product_cat","embeddable":true,"href":"https:\/\/specialcontainer.dk\/nb\/wp-json\/wp\/v2\/product_cat?post=90608"},{"taxonomy":"product_tag","embeddable":true,"href":"https:\/\/specialcontainer.dk\/nb\/wp-json\/wp\/v2\/product_tag?post=90608"}],"curies":[{"name":"wp","href":"https:\/\/api.w.org\/{rel}","templated":true}]}}

<!-- This site is optimized with the Yoast SEO plugin v26.0 - https://yoast.com/wordpress/plugins/seo/ -->
<title>6&#039; standard, ny - SpecialContainer.dk</title>
<meta name="description" content="6′ container til tørr lagring. Isolasjon og hyller på bildene er ikke inkludert, men kan bestilles mot ekstra kostnad. Ikke på lager nå." />
<meta name="robots" content="index, follow, max-snippet:-1, max-image-preview:large, max-video-preview:-1" />
<link rel="canonical" href="https://specialcontainer.dk/produkt/6-standard-nye/" />
<meta property="og:locale" content="nb_NO" />
<meta property="og:type" content="article" />
<meta property="og:title" content="6&#039; standard, ny - SpecialContainer.dk" />
<meta property="og:description" content="6′ container til tørr lagring. Isolasjon og hyller på bildene er ikke inkludert, men kan bestilles mot ekstra kostnad. Ikke på lager nå." />
<meta property="og:url" content="https://specialcontainer.dk/produkt/6-standard-nye/" />
<meta property="og:site_name" content="SpecialContainer.dk" />
<meta property="article:modified_time" content="2026-01-13T13:39:33+00:00" />
<meta property="og:image" content="https://specialcontainer.dk/wp-content/uploads/2021/09/1001_01_A_STC06063-5013-1-1-pcs-small.jpg" />
	<meta property="og:image:width" content="1024" />
	<meta property="og:image:height" content="768" />
	<meta property="og:image:type" content="image/jpeg" />
<meta name="twitter:card" content="summary_large_image" />
<script type="application/ld+json" class="yoast-schema-graph">{"@context":"https://schema.org","@graph":[{"@type":"WebPage","@id":"https://specialcontainer.dk/produkt/6-standard-nye/","url":"https://specialcontainer.dk/produkt/6-standard-nye/","name":"6' standard, ny - SpecialContainer.dk","isPartOf":{"@id":"https://specialcontainer.dk/#website"},"primaryImageOfPage":{"@id":"https://specialcontainer.dk/produkt/6-standard-nye/#primaryimage"},"image":{"@id":"https://specialcontainer.dk/produkt/6-standard-nye/#primaryimage"},"thumbnailUrl":"https://specialcontainer.dk/wp-content/uploads/2021/09/1001_01_A_STC06063-5013-1-1-pcs-small.jpg","datePublished":"2026-01-13T13:39:32+00:00","dateModified":"2026-01-13T13:39:33+00:00","description":"6′ container til tørr lagring. Isolasjon og hyller på bildene er ikke inkludert, men kan bestilles mot ekstra kostnad. Ikke på lager nå.","breadcrumb":{"@id":"https://specialcontainer.dk/produkt/6-standard-nye/#breadcrumb"},"inLanguage":"nb-NO","potentialAction":[{"@type":"ReadAction","target":["https://specialcontainer.dk/produkt/6-standard-nye/"]}]},{"@type":"ImageObject","inLanguage":"nb-NO","@id":"https://specialcontainer.dk/produkt/6-standard-nye/#primaryimage","url":"https://specialcontainer.dk/wp-content/uploads/2021/09/1001_01_A_STC06063-5013-1-1-pcs-small.jpg","contentUrl":"https://specialcontainer.dk/wp-content/uploads/2021/09/1001_01_A_STC06063-5013-1-1-pcs-small.jpg","width":1024,"height":768},{"@type":"BreadcrumbList","@id":"https://specialcontainer.dk/produkt/6-standard-nye/#breadcrumb","itemListElement":[{"@type":"ListItem","position":1,"name":"Hjem","item":"https://specialcontainer.dk/nb/"},{"@type":"ListItem","position":2,"name":"Shop","item":"https://specialcontainer.dk/nb/shop/"},{"@type":"ListItem","position":3,"name":"6&#8242; standard, ny"}]},{"@type":"WebSite","@id":"https://specialcontainer.dk/#website","url":"https://specialcontainer.dk/","name":"SpecialContainer.dk","description":"","publisher":{"@id":"https://specialcontainer.dk/#organization"},"potentialAction":[{"@type":"SearchAction","target":{"@type":"EntryPoint","urlTemplate":"https://specialcontainer.dk/?s={search_term_string}"},"query-input":{"@type":"PropertyValueSpecification","valueRequired":true,"valueName":"search_term_string"}}],"inLanguage":"nb-NO"},{"@type":"Organization","@id":"https://specialcontainer.dk/#organization","name":"Specialcontainer","url":"https://specialcontainer.dk/","logo":{"@type":"ImageObject","inLanguage":"nb-NO","@id":"https://specialcontainer.dk/#/schema/logo/image/","url":"https://specialcontainer.dk/wp-content/uploads/2019/10/logo-2019-307-x-72-jpg.jpg","contentUrl":"https://specialcontainer.dk/wp-content/uploads/2019/10/logo-2019-307-x-72-jpg.jpg","width":307,"height":72,"caption":"Specialcontainer"},"image":{"@id":"https://specialcontainer.dk/#/schema/logo/image/"}}]}</script>
<!-- / Yoast SEO plugin. -->

6′ container til tørr lagring. Isolasjon og hyller på bildene er ikke inkludert, men kan bestilles mot ekstra kostnad. Ikke på lager nå.
