{"id":90603,"date":"2026-01-13T14:39:28","date_gmt":"2026-01-13T13:39:28","guid":{"rendered":"https:\/\/specialcontainer.dk\/\/produkt\/4-mini-ny\/"},"modified":"2026-01-13T14:39:28","modified_gmt":"2026-01-13T13:39:28","slug":"4-mini-nye","status":"publish","type":"product","link":"https:\/\/specialcontainer.dk\/nb\/produkt\/4-mini-nye\/","title":{"rendered":"4&#8242; mini, ny"},"content":{"rendered":"<p>4&#8242; mini container<\/p>\n<p>N&aring;r du virkelig trenger en liten containeren, men ikke for smal, er v&aring;r helt lille 4&prime; container tilgjengelig.<\/p>\n<p>Containeren er bare 1,2 meter lang, men er 2,2 meter bred, nesten like bred som en standard skipscontainer.Containeren kommer som standard i m&oslash;rkebl&aring; (RAL 5013).<\/p>\n<p>Dette er ikke en lagervare, men kan bestilles.&nbsp;Vi kan normalt ha 4 fots containere i Esbjerg innen en uke.<\/p>\n<div><\/div>\n<p>Prisen er basert p&aring; levering EXW lager i Esbjerg (i Danmark).Transportkostnader for frakt vil blive lagt til prisen.<\/p>\n","protected":false},"excerpt":{"rendered":"<ul>\n<li data-end=\"746\" data-start=\"653\">\n<p data-end=\"746\" data-start=\"655\">4&#8242; mini container, kompakt og romslig, med en lengde p&aring; 1,2 meter og en bredde p&aring; 2,2 meter<\/p>\n<\/li>\n<li data-end=\"814\" data-start=\"747\">\n<p data-end=\"814\" data-start=\"749\">Nesten like bred som en standard container, i m&oslash;rkebl&aring; (RAL 5013)<\/p>\n<\/li>\n<li data-end=\"910\" data-is-last-node=\"\" data-start=\"815\">\n<p data-end=\"910\" data-is-last-node=\"\" data-start=\"817\">Ikke p&aring; lager, men kan bestilles innen en uke, pris EXW Esbjerg, transportkostnader tilkommer<\/p>\n<\/li>\n<\/ul>\n","protected":false},"featured_media":91538,"template":"","meta":[],"product_brand":[],"product_cat":[6538],"product_tag":[],"class_list":{"0":"post-90603","1":"product","2":"type-product","3":"status-publish","4":"has-post-thumbnail","6":"product_cat-containere-nb","7":"pa_access1-normal-adgang","8":"pa_banner_nostock-paa-vei","9":"pa_bruttovaegt-3000-kg","10":"pa_doeraabning_maal-w-2070-mm-h-1945-mm","11":"pa_egenvaegt-670-kg","12":"pa_farve-blaa-ral-5013","13":"pa_indre_kapacitet-4-pkt-56-m","14":"pa_indvendige_maal-l-1049-mm-w-2112-mm-h-2062-mm","15":"pa_lock_box-laaseboks","16":"pa_maks__last-2330-kg","17":"pa_placeringsnavn-esbjerg","18":"pa_shp_slug-4-mini-cma-nye","19":"pa_udvendige_maal-l-1200-mm-w-2200-mm-h-2260-mm","20":"description-off","22":"first","23":"outofstock","24":"taxable","25":"shipping-taxable","26":"product-type-variable"},"yoast_head":"<!-- This site is optimized with the Yoast SEO plugin v26.0 - https:\/\/yoast.com\/wordpress\/plugins\/seo\/ -->\n<title>4&#039; mini, ny - SpecialContainer.dk<\/title>\n<meta name=\"description\" content=\"4\u2032 mini container \u2013 kompakt og bred, 1,2 m lang og 2,2 m bred. Standardfarge m\u00f8rkebl\u00e5. Ikke p\u00e5 lager, levering innen en uke. Pris EXW Esbjerg.\" \/>\n<meta name=\"robots\" content=\"index, follow, max-snippet:-1, max-image-preview:large, max-video-preview:-1\" \/>\n<link rel=\"canonical\" href=\"https:\/\/specialcontainer.dk\/produkt\/4-mini-nye\/\" \/>\n<meta property=\"og:locale\" content=\"nb_NO\" \/>\n<meta property=\"og:type\" content=\"article\" \/>\n<meta property=\"og:title\" content=\"4&#039; mini, ny - SpecialContainer.dk\" \/>\n<meta property=\"og:description\" content=\"4\u2032 mini container \u2013 kompakt og bred, 1,2 m lang og 2,2 m bred. Standardfarge m\u00f8rkebl\u00e5. Ikke p\u00e5 lager, levering innen en uke. Pris EXW Esbjerg.\" \/>\n<meta property=\"og:url\" content=\"https:\/\/specialcontainer.dk\/produkt\/4-mini-nye\/\" \/>\n<meta property=\"og:site_name\" content=\"SpecialContainer.dk\" \/>\n<meta property=\"og:image\" content=\"https:\/\/specialcontainer.dk\/wp-content\/uploads\/2021\/09\/1000_01_A_STC04072-5013-1.jpg\" \/>\n\t<meta property=\"og:image:width\" content=\"1024\" \/>\n\t<meta property=\"og:image:height\" content=\"768\" \/>\n\t<meta property=\"og:image:type\" content=\"image\/jpeg\" \/>\n<meta name=\"twitter:card\" content=\"summary_large_image\" \/>\n<script type=\"application\/ld+json\" class=\"yoast-schema-graph\">{\"@context\":\"https:\/\/schema.org\",\"@graph\":[{\"@type\":\"WebPage\",\"@id\":\"https:\/\/specialcontainer.dk\/produkt\/4-mini-nye\/\",\"url\":\"https:\/\/specialcontainer.dk\/produkt\/4-mini-nye\/\",\"name\":\"4' mini, ny - SpecialContainer.dk\",\"isPartOf\":{\"@id\":\"https:\/\/specialcontainer.dk\/#website\"},\"primaryImageOfPage\":{\"@id\":\"https:\/\/specialcontainer.dk\/produkt\/4-mini-nye\/#primaryimage\"},\"image\":{\"@id\":\"https:\/\/specialcontainer.dk\/produkt\/4-mini-nye\/#primaryimage\"},\"thumbnailUrl\":\"https:\/\/specialcontainer.dk\/wp-content\/uploads\/2021\/09\/1000_01_A_STC04072-5013-1.jpg\",\"datePublished\":\"2026-01-13T13:39:28+00:00\",\"description\":\"4\u2032 mini container \u2013 kompakt og bred, 1,2 m lang og 2,2 m bred. Standardfarge m\u00f8rkebl\u00e5. Ikke p\u00e5 lager, levering innen en uke. Pris EXW Esbjerg.\",\"breadcrumb\":{\"@id\":\"https:\/\/specialcontainer.dk\/produkt\/4-mini-nye\/#breadcrumb\"},\"inLanguage\":\"nb-NO\",\"potentialAction\":[{\"@type\":\"ReadAction\",\"target\":[\"https:\/\/specialcontainer.dk\/produkt\/4-mini-nye\/\"]}]},{\"@type\":\"ImageObject\",\"inLanguage\":\"nb-NO\",\"@id\":\"https:\/\/specialcontainer.dk\/produkt\/4-mini-nye\/#primaryimage\",\"url\":\"https:\/\/specialcontainer.dk\/wp-content\/uploads\/2021\/09\/1000_01_A_STC04072-5013-1.jpg\",\"contentUrl\":\"https:\/\/specialcontainer.dk\/wp-content\/uploads\/2021\/09\/1000_01_A_STC04072-5013-1.jpg\",\"width\":1024,\"height\":768},{\"@type\":\"BreadcrumbList\",\"@id\":\"https:\/\/specialcontainer.dk\/produkt\/4-mini-nye\/#breadcrumb\",\"itemListElement\":[{\"@type\":\"ListItem\",\"position\":1,\"name\":\"Hjem\",\"item\":\"https:\/\/specialcontainer.dk\/nb\/\"},{\"@type\":\"ListItem\",\"position\":2,\"name\":\"Shop\",\"item\":\"https:\/\/specialcontainer.dk\/nb\/shop\/\"},{\"@type\":\"ListItem\",\"position\":3,\"name\":\"4&#8242; mini, ny\"}]},{\"@type\":\"WebSite\",\"@id\":\"https:\/\/specialcontainer.dk\/#website\",\"url\":\"https:\/\/specialcontainer.dk\/\",\"name\":\"SpecialContainer.dk\",\"description\":\"\",\"publisher\":{\"@id\":\"https:\/\/specialcontainer.dk\/#organization\"},\"potentialAction\":[{\"@type\":\"SearchAction\",\"target\":{\"@type\":\"EntryPoint\",\"urlTemplate\":\"https:\/\/specialcontainer.dk\/?s={search_term_string}\"},\"query-input\":{\"@type\":\"PropertyValueSpecification\",\"valueRequired\":true,\"valueName\":\"search_term_string\"}}],\"inLanguage\":\"nb-NO\"},{\"@type\":\"Organization\",\"@id\":\"https:\/\/specialcontainer.dk\/#organization\",\"name\":\"Specialcontainer\",\"url\":\"https:\/\/specialcontainer.dk\/\",\"logo\":{\"@type\":\"ImageObject\",\"inLanguage\":\"nb-NO\",\"@id\":\"https:\/\/specialcontainer.dk\/#\/schema\/logo\/image\/\",\"url\":\"https:\/\/specialcontainer.dk\/wp-content\/uploads\/2019\/10\/logo-2019-307-x-72-jpg.jpg\",\"contentUrl\":\"https:\/\/specialcontainer.dk\/wp-content\/uploads\/2019\/10\/logo-2019-307-x-72-jpg.jpg\",\"width\":307,\"height\":72,\"caption\":\"Specialcontainer\"},\"image\":{\"@id\":\"https:\/\/specialcontainer.dk\/#\/schema\/logo\/image\/\"}}]}<\/script>\n<!-- \/ Yoast SEO plugin. -->","yoast_head_json":{"title":"4' mini, ny - SpecialContainer.dk","description":"4\u2032 mini container \u2013 kompakt og bred, 1,2 m lang og 2,2 m bred. Standardfarge m\u00f8rkebl\u00e5. Ikke p\u00e5 lager, levering innen en uke. Pris EXW Esbjerg.","robots":{"index":"index","follow":"follow","max-snippet":"max-snippet:-1","max-image-preview":"max-image-preview:large","max-video-preview":"max-video-preview:-1"},"canonical":"https:\/\/specialcontainer.dk\/produkt\/4-mini-nye\/","og_locale":"nb_NO","og_type":"article","og_title":"4' mini, ny - SpecialContainer.dk","og_description":"4\u2032 mini container \u2013 kompakt og bred, 1,2 m lang og 2,2 m bred. Standardfarge m\u00f8rkebl\u00e5. Ikke p\u00e5 lager, levering innen en uke. Pris EXW Esbjerg.","og_url":"https:\/\/specialcontainer.dk\/produkt\/4-mini-nye\/","og_site_name":"SpecialContainer.dk","og_image":[{"width":1024,"height":768,"url":"https:\/\/specialcontainer.dk\/wp-content\/uploads\/2021\/09\/1000_01_A_STC04072-5013-1.jpg","type":"image\/jpeg"}],"twitter_card":"summary_large_image","schema":{"@context":"https:\/\/schema.org","@graph":[{"@type":"WebPage","@id":"https:\/\/specialcontainer.dk\/produkt\/4-mini-nye\/","url":"https:\/\/specialcontainer.dk\/produkt\/4-mini-nye\/","name":"4' mini, ny - SpecialContainer.dk","isPartOf":{"@id":"https:\/\/specialcontainer.dk\/#website"},"primaryImageOfPage":{"@id":"https:\/\/specialcontainer.dk\/produkt\/4-mini-nye\/#primaryimage"},"image":{"@id":"https:\/\/specialcontainer.dk\/produkt\/4-mini-nye\/#primaryimage"},"thumbnailUrl":"https:\/\/specialcontainer.dk\/wp-content\/uploads\/2021\/09\/1000_01_A_STC04072-5013-1.jpg","datePublished":"2026-01-13T13:39:28+00:00","description":"4\u2032 mini container \u2013 kompakt og bred, 1,2 m lang og 2,2 m bred. Standardfarge m\u00f8rkebl\u00e5. Ikke p\u00e5 lager, levering innen en uke. Pris EXW Esbjerg.","breadcrumb":{"@id":"https:\/\/specialcontainer.dk\/produkt\/4-mini-nye\/#breadcrumb"},"inLanguage":"nb-NO","potentialAction":[{"@type":"ReadAction","target":["https:\/\/specialcontainer.dk\/produkt\/4-mini-nye\/"]}]},{"@type":"ImageObject","inLanguage":"nb-NO","@id":"https:\/\/specialcontainer.dk\/produkt\/4-mini-nye\/#primaryimage","url":"https:\/\/specialcontainer.dk\/wp-content\/uploads\/2021\/09\/1000_01_A_STC04072-5013-1.jpg","contentUrl":"https:\/\/specialcontainer.dk\/wp-content\/uploads\/2021\/09\/1000_01_A_STC04072-5013-1.jpg","width":1024,"height":768},{"@type":"BreadcrumbList","@id":"https:\/\/specialcontainer.dk\/produkt\/4-mini-nye\/#breadcrumb","itemListElement":[{"@type":"ListItem","position":1,"name":"Hjem","item":"https:\/\/specialcontainer.dk\/nb\/"},{"@type":"ListItem","position":2,"name":"Shop","item":"https:\/\/specialcontainer.dk\/nb\/shop\/"},{"@type":"ListItem","position":3,"name":"4&#8242; mini, ny"}]},{"@type":"WebSite","@id":"https:\/\/specialcontainer.dk\/#website","url":"https:\/\/specialcontainer.dk\/","name":"SpecialContainer.dk","description":"","publisher":{"@id":"https:\/\/specialcontainer.dk\/#organization"},"potentialAction":[{"@type":"SearchAction","target":{"@type":"EntryPoint","urlTemplate":"https:\/\/specialcontainer.dk\/?s={search_term_string}"},"query-input":{"@type":"PropertyValueSpecification","valueRequired":true,"valueName":"search_term_string"}}],"inLanguage":"nb-NO"},{"@type":"Organization","@id":"https:\/\/specialcontainer.dk\/#organization","name":"Specialcontainer","url":"https:\/\/specialcontainer.dk\/","logo":{"@type":"ImageObject","inLanguage":"nb-NO","@id":"https:\/\/specialcontainer.dk\/#\/schema\/logo\/image\/","url":"https:\/\/specialcontainer.dk\/wp-content\/uploads\/2019\/10\/logo-2019-307-x-72-jpg.jpg","contentUrl":"https:\/\/specialcontainer.dk\/wp-content\/uploads\/2019\/10\/logo-2019-307-x-72-jpg.jpg","width":307,"height":72,"caption":"Specialcontainer"},"image":{"@id":"https:\/\/specialcontainer.dk\/#\/schema\/logo\/image\/"}}]}},"_links":{"self":[{"href":"https:\/\/specialcontainer.dk\/nb\/wp-json\/wp\/v2\/product\/90603","targetHints":{"allow":["GET"]}}],"collection":[{"href":"https:\/\/specialcontainer.dk\/nb\/wp-json\/wp\/v2\/product"}],"about":[{"href":"https:\/\/specialcontainer.dk\/nb\/wp-json\/wp\/v2\/types\/product"}],"wp:featuredmedia":[{"embeddable":true,"href":"https:\/\/specialcontainer.dk\/nb\/wp-json\/wp\/v2\/media\/91538"}],"wp:attachment":[{"href":"https:\/\/specialcontainer.dk\/nb\/wp-json\/wp\/v2\/media?parent=90603"}],"wp:term":[{"taxonomy":"product_brand","embeddable":true,"href":"https:\/\/specialcontainer.dk\/nb\/wp-json\/wp\/v2\/product_brand?post=90603"},{"taxonomy":"product_cat","embeddable":true,"href":"https:\/\/specialcontainer.dk\/nb\/wp-json\/wp\/v2\/product_cat?post=90603"},{"taxonomy":"product_tag","embeddable":true,"href":"https:\/\/specialcontainer.dk\/nb\/wp-json\/wp\/v2\/product_tag?post=90603"}],"curies":[{"name":"wp","href":"https:\/\/api.w.org\/{rel}","templated":true}]}}

<!-- This site is optimized with the Yoast SEO plugin v26.0 - https://yoast.com/wordpress/plugins/seo/ -->
<title>4&#039; mini, ny - SpecialContainer.dk</title>
<meta name="description" content="4′ mini container – kompakt og bred, 1,2 m lang og 2,2 m bred. Standardfarge mørkeblå. Ikke på lager, levering innen en uke. Pris EXW Esbjerg." />
<meta name="robots" content="index, follow, max-snippet:-1, max-image-preview:large, max-video-preview:-1" />
<link rel="canonical" href="https://specialcontainer.dk/produkt/4-mini-nye/" />
<meta property="og:locale" content="nb_NO" />
<meta property="og:type" content="article" />
<meta property="og:title" content="4&#039; mini, ny - SpecialContainer.dk" />
<meta property="og:description" content="4′ mini container – kompakt og bred, 1,2 m lang og 2,2 m bred. Standardfarge mørkeblå. Ikke på lager, levering innen en uke. Pris EXW Esbjerg." />
<meta property="og:url" content="https://specialcontainer.dk/produkt/4-mini-nye/" />
<meta property="og:site_name" content="SpecialContainer.dk" />
<meta property="og:image" content="https://specialcontainer.dk/wp-content/uploads/2021/09/1000_01_A_STC04072-5013-1.jpg" />
	<meta property="og:image:width" content="1024" />
	<meta property="og:image:height" content="768" />
	<meta property="og:image:type" content="image/jpeg" />
<meta name="twitter:card" content="summary_large_image" />
<script type="application/ld+json" class="yoast-schema-graph">{"@context":"https://schema.org","@graph":[{"@type":"WebPage","@id":"https://specialcontainer.dk/produkt/4-mini-nye/","url":"https://specialcontainer.dk/produkt/4-mini-nye/","name":"4' mini, ny - SpecialContainer.dk","isPartOf":{"@id":"https://specialcontainer.dk/#website"},"primaryImageOfPage":{"@id":"https://specialcontainer.dk/produkt/4-mini-nye/#primaryimage"},"image":{"@id":"https://specialcontainer.dk/produkt/4-mini-nye/#primaryimage"},"thumbnailUrl":"https://specialcontainer.dk/wp-content/uploads/2021/09/1000_01_A_STC04072-5013-1.jpg","datePublished":"2026-01-13T13:39:28+00:00","description":"4′ mini container – kompakt og bred, 1,2 m lang og 2,2 m bred. Standardfarge mørkeblå. Ikke på lager, levering innen en uke. Pris EXW Esbjerg.","breadcrumb":{"@id":"https://specialcontainer.dk/produkt/4-mini-nye/#breadcrumb"},"inLanguage":"nb-NO","potentialAction":[{"@type":"ReadAction","target":["https://specialcontainer.dk/produkt/4-mini-nye/"]}]},{"@type":"ImageObject","inLanguage":"nb-NO","@id":"https://specialcontainer.dk/produkt/4-mini-nye/#primaryimage","url":"https://specialcontainer.dk/wp-content/uploads/2021/09/1000_01_A_STC04072-5013-1.jpg","contentUrl":"https://specialcontainer.dk/wp-content/uploads/2021/09/1000_01_A_STC04072-5013-1.jpg","width":1024,"height":768},{"@type":"BreadcrumbList","@id":"https://specialcontainer.dk/produkt/4-mini-nye/#breadcrumb","itemListElement":[{"@type":"ListItem","position":1,"name":"Hjem","item":"https://specialcontainer.dk/nb/"},{"@type":"ListItem","position":2,"name":"Shop","item":"https://specialcontainer.dk/nb/shop/"},{"@type":"ListItem","position":3,"name":"4&#8242; mini, ny"}]},{"@type":"WebSite","@id":"https://specialcontainer.dk/#website","url":"https://specialcontainer.dk/","name":"SpecialContainer.dk","description":"","publisher":{"@id":"https://specialcontainer.dk/#organization"},"potentialAction":[{"@type":"SearchAction","target":{"@type":"EntryPoint","urlTemplate":"https://specialcontainer.dk/?s={search_term_string}"},"query-input":{"@type":"PropertyValueSpecification","valueRequired":true,"valueName":"search_term_string"}}],"inLanguage":"nb-NO"},{"@type":"Organization","@id":"https://specialcontainer.dk/#organization","name":"Specialcontainer","url":"https://specialcontainer.dk/","logo":{"@type":"ImageObject","inLanguage":"nb-NO","@id":"https://specialcontainer.dk/#/schema/logo/image/","url":"https://specialcontainer.dk/wp-content/uploads/2019/10/logo-2019-307-x-72-jpg.jpg","contentUrl":"https://specialcontainer.dk/wp-content/uploads/2019/10/logo-2019-307-x-72-jpg.jpg","width":307,"height":72,"caption":"Specialcontainer"},"image":{"@id":"https://specialcontainer.dk/#/schema/logo/image/"}}]}</script>
<!-- / Yoast SEO plugin. -->

4′ mini container – kompakt og bred, 1,2 m lang og 2,2 m bred. Standardfarge mørkeblå. Ikke på lager, levering innen en uke. Pris EXW Esbjerg.
